te?
False
Is 31849603 prime?
False
Is 43085227 composite?
False
Is 9025420549 prime?
True
Is 9303629969 prime?
True
Is 15566951269 composite?
False
Is 20290321699 composite?
True
Is 7626794485 prime?
False
Is 5593613941 a prime number?
False
Is 295704973 a composite number?
False
Is 15470418391 a prime number?
True
Is 24434774993 composite?
True
Is 249831157553 a prime number?
False
Is 2409657515 a composite number?
True
Is 6774038317 prime?
False
Is 159147521941 a prime number?
True
Is 16099430621 a prime number?
True
Is 956345723 composite?
False
Is 12904717873 a composite number?
True
Is 39285097099 a prime number?
True
Is 171109623 a composite number?
True
Is 9507462097 a composite number?
True
Is 949639423 a composite number?
True
Is 1784140823 prime?
True
Is 1542535499 a prime number?
True
Is 1862348681 composite?
True
Is 5526391693 composite?
True
Is 45356768801 a prime number?
True
Is 1157513033 a prime number?
True
Is 31754294399 prime?
True
Is 13014114977 a prime number?
True
Is 2996606233 prime?
False
Is 99184531573 composite?
True
Is 1700041613 prime?
True
Is 4322836771 prime?
False
Is 327591029 a prime number?
True
Is 120033226003 composite?
False
Is 4858136489 a prime number?
False
Is 1280058233 a prime number?
False
Is 251780673 a composite number?
True
Is 469565357 composite?
False
Is 485312183 composite?
False
Is 499775743 composite?
True
Is 43008361567 a composite number?
False
Is 93324258091 a prime number?
True
Is 8012207887 composite?
True
Is 1054257233 prime?
False
Is 707688941 a composite number?
False
Is 228194797763 composite?
False
Is 11668428245 composite?
True
Is 120891356167 prime?
True
Is 578137463 a prime number?
True
Is 992505557 composite?
False
Is 191385593 a composite number?
True
Is 6614140363 a composite number?
False
Is 11899098551 a prime number?
True
Is 634039663 composite?
False
Is 15240151154 composite?
True
Is 92124227113 prime?
True
Is 1034119222 prime?
False
Is 4634301883 a prime number?
True
Is 4528672129 a prime number?
False
Is 62190281 a prime number?
False
Is 108834056931 a prime number?
False
Is 263065081 prime?
True
Is 10212428393 prime?
True
Is 23569419389 composite?
True
Is 2066491507 a composite number?
False
Is 4938976129 composite?
False
Is 114588647 a prime number?
True
Is 1416721079 prime?
False
Is 18786139399 a prime number?
True
Is 1144761407 prime?
True
Is 35941973303 prime?
True
Is 481330495 composite?
True
Is 390870079 a prime number?
True
Is 3160473469 a prime number?
False
Is 392991791 a composite number?
False
Is 1200109213 a composite number?
False
Is 96125610253 prime?
False
Is 5928527537 composite?
True
Is 58534158713 composite?
True
Is 336526225801 a prime number?
True
Is 6264751171 a prime number?
False
Is 357807559 a composite number?
False
Is 670927163 a prime number?
True
Is 8339526091 a prime number?
False
Is 12473724833 prime?
True
Is 213005021 composite?
True
Is 2285306038 composite?
True
Is 3204421657 composite?
False
Is 104118344879 prime?
True
Is 33765220343 prime?
True
Is 215369171 a composite number?
True
Is 998476291 a prime number?
True
Is 52249709 a composite number?
True
Is 2704743887 prime?
False
Is 56118667277 prime?
False
Is 2972790157 a prime number?
False
Is 299507981 a prime number?
True
Is 16375880231 a prime number?
False
Is 311087173 prime?
True
Is 436782847 prime?
True
Is 32233777 prime?
True
Is 65645173 prime?
False
Is 51618468241 composite?
False
Is 359482609 prime?
True
Is 78944003 a composite number?
True
Is 14406653507 a composite number?
False
Is 78849336109 composite?
False
Is 1463361443 a composite number?
True
Is 37232747543 prime?
True
Is 3659618203 prime?
False
Is 3773608595 composite?
True
Is 89107091791 a prime number?
True
Is 63088810651 composite?
True
Is 27221546185 a composite number?
True
Is 3896079037 prime?
False
Is 653252239 composite?
False
Is 185889101807 prime?
True
Is 189042103 composite?
True
Is 77658311 prime?
True
Is 43584487 a composite number?
False
Is 14637167561 a composite number?
False
Is 120078179 composite?
True
Is 29112544511 a composite number?
False
Is 553695811 composite?
True
Is 513393949 a composite number?
False
Is 106353223 prime?
False
Is 4319270201 composite?
False
Is 2149834969 prime?
True
Is 12402009913 prime?
False
Is 5283821503 prime?
True
Is 1465617827 a composite number?
False
Is 230091487 prime?
True
Is 2354254283 composite?
True
Is 1134970117 a prime number?
False
Is 13062202081 prime?
False
Is 4659194737 a composite number?
True
Is 4954660009 prime?
False
Is 9035763251 a composite number?
True
Is 328144967 a composite number?
False
Is 7457853181 a prime number?
True
Is 251176945015 a prime number?
False
Is 1063644629 a prime number?
False
Is 5049639161 a prime number?
False
Is 45973484453 a prime number?
False
Is 1091072491 a prime number?
True
Is 35075742341 a composite number?
False
Is 110924543641 composite?
False
Is 1542201131 a composite number?
True
Is 2230283933 prime?
False
Is 28069097671 a composite number?
False
Is 641150579 composite?
True
Is 39983915003 a composite number?
False
Is 1855087967 composite?
True
Is 1710524437 a prime number?
True
Is 11922022643 a composite number?
False
Is 132944033 a prime number?
False
Is 317669776861 a prime number?
True
Is 467600349 prime?
False
Is 10114111 prime?
False
Is 17327900773 a composite number?
False
Is 9652282259 a composite number?
True
Is 19920284443 a composite number?
True
Is 2456861227 a composite number?
False
Is 1234158603 a prime number?
False
Is 1344686377 a composite number?
True
Is 535200437 a prime number?
False
Is 29342815361 a prime number?
False
Is 702741101 composite?
False
Is 55112441141 composite?
False
Is 10074579277 a composite number?
True
Is 2329352293 a composite number?
False
Is 3692839217 prime?
False
Is 32590093 a prime number?
True
Is 176687453 a prime number?
True
Is 1357770991 a composite number?
False
Is 994205627 a composite number?
True
Is 199201694921 composite?
False
Is 3860380855 prime?
False
Is 13119788959 a composite number?
False
Is 56515131209 composite?
False
Is 14863782151 a prime number?
True
Is 4461778519 a composite number?
True
Is 598127297 a prime number?
True
Is 7666761829 prime?
True
Is 509509873 a prime number?
False
Is 5780227993 a composite number?
False
Is 9595317083 composite?
True
Is 910920379 prime?
True
Is 46768724839 a prime number?
True
Is 1805200141 prime?
False
Is 2652992491 a composite number?
False
Is 27774546733 a prime number?
True
Is 557144491 composite?
True
Is 218726873 prime?
False
Is 31066688153 a prime number?
True
Is 1624725857 a composite number?
False
Is 882564479 prime?
False
Is 232485419 a composite number?
False
Is 11778122009 a composite number?
True
Is 35869747 composite?
True
Is 10889233283 a composite number?
False
Is 8213771 a composite number?
True
Is 8501788637 a composite number?
True
Is 255785051363 a prime number?
True
Is 11455311599 prime?
True
Is 360082343 a prime number?
False
Is 44754048611 composite?
True
Is 912147827 prime?
False
Is 18397015183 prime?
False
Is 21757745629 a composite number?
False
Is 5555988619 a prime number?
True
Is 10161518747 a prime number?
False
Is 280408463 prime?
True
Is 6508782131 a composite number?
True
Is 42831613453 prime?
False
Is 1112475227 prime?
True
Is 22649357831 composite?
True
Is 3255459281 a composite number?
False
Is 18460667909 composite?
False
Is 763281439 composite?
True
Is 8918024618 composite?
True
Is 4227527911 a composite number?
True
Is 652711093 a composite number?
False
Is 2262040037 composite?
True
Is 11536873703 a prime number?
True
Is 253131353431 a prime number?
False
Is 395972171 composite?
True
Is 1803186337 a prime number?
False
Is 71756101 composite?
False
Is 13052795493 composite?
True
Is 74626457 a prime number?
False
Is 2834619421 a composite number?
False
Is 1894634879 composite?
False
Is 7100025706 composite?
True
Is 2554403107 prime?
True
Is 3475190521 a composite number?
True
Is 802816829 a composite number?
False
Is 1527855673 composite?
True
Is 49748817007 a composite number?
False
Is 97038056021 composite?
True
Is 304903739321 a composite number?
False
Is 2979583643 prime?
True
Is 1120249213 a prime number?
True
Is 544371393 composite?
True
Is 4432251119 a prime number?
True
I